z = i + -18. What is the tens digit of z?
6
Let t = 2244 + -2238. Let i be 15/6*(-8)/(-10). Suppose -i*y + 2*m = -3*y + 51, 2*m = t. What is the tens digit of y?
4
Let v(n) = -7*n**3 - 8*n**2 - 61*n - 479. What is the thousands digit of v(-16)?
7
Let j = -3329 - -12586. What is the units digit of j?
7
Let r = -102895 - -182413. What is the units digit of r?
8
Let k(c) = 56*c**2 - 19*c + 36. Let h be k(5). Let b = 2023 - h. What is the tens digit of b?
8
Let s(a) = 9*a**3 + 3*a**2 - 4*a - 3. Let b be s(3). Let z be (b/(-25))/(4/(-20) - 0). Let v = 174 + z. What is the units digit of v?
5
Let t = -312 + 791. Let j = t - -194. What is the units digit of j?
3
Suppose 2*c + 1763 = -5*k - 1438, 1276 = -2*k - 3*c. Let s = 1207 + k. What is the tens digit of s?
6
Let u = -3 + 6. Let p be 4 + ((-2)/u - (-330)/(-45)). What is the hundreds digit of 1/p - 489/(-4)?
1
Suppose 241 = 5*i - 474. Let t = 176 - i. What is the units digit of t?
3
Let s = -4 - -8. Suppose 5*v = 3*u + 313, 0 = 3*v - s*u + 3*u - 191. Let n = 137 - v. What is the tens digit of n?
7
Let g = -4 - -13. Suppose -5*d = -g*d + 640. Suppose -2*j = -2*t + 3*t - d, j + 3*t = 70. What is the units digit of j?
2
Let c(a) = 9*a**2 - 14*a + 9. Suppose 2*h - 3*s = 9, -3 = -4*h - s + 2*s. Let r be (h + 2)*10/4. What is the hundreds digit of c(r)?
1
Let b = 7866 + -5307. What is the units digit of b?
9
Let c be (25/2)/((-1)/2). Let d(i) = -i**3 - 25*i**2 - 22*i - 24. What is the tens digit of d(c)?
2
Let j(a) = 6*a**2 - 3*a - 8. Suppose 0 = -4*y - 23 + 7. Let g be j(y). What is the tens digit of g - (2 + 0 - 3)?
0
Suppose 0*v - 64 = -8*v. Suppose 5*o - 1640 = -5*b, v*b + 658 = 10*b + 3*o. What is the hundreds digit of b?
3
Suppose q = -4*q, -x + 2*q - 68 = 0. Let c = 79 + x. Suppose 0 = -c*j + 8*j + 285. What is the tens digit of j?
9
What is the units digit of (-33738)/9*12*(-6)/48?
3
Let c(n) = -12*n**2 + 2*n - 25. Suppose 6*m = 35 - 5. Let s be c(m). Let f = -140 - s. What is the tens digit of f?
7
Let w(h) = h**2 + 10*h - 9. Let x(t) = t**3 + 9*t**2 + 10*t + 4. Let q be x(-8). Let k be w(q). What is the units digit of k*((-40)/(-12) - 3)?
5
Let v(b) = 8*b - 33. Let z be v(11). Suppose f - i - i = 13, 4*f - z = 5*i. What is the tens digit of f?
1
Let s be ((-5)/10)/((-8)/(-720)). What is the units digit of (-1998)/(-15) - 1 - 36/s?
3
Let k(w) = 33*w + 125*w**2 + 32*w**2 + 4*w - 80. What is the tens digit of k(2)?
2
Let t(x) = 1497*x**2 - 701*x + 4303. What is the tens digit of t(6)?
8
Let k be 49 - ((-10)/(-5) + -2). Let c = k + -47. Suppose 0 = -5*i - 3*z - z + 301, c*i - 118 = -z. What is the tens digit of i?
5
Suppose 15*q - 534 = 17*q. Let r = 387 + q. What is the hundreds digit of r?
1
Suppose 19*o - 15*o - 340 = 0. Suppose 5*c = -2*y + o, 15 = -c + 4*c. What is the hundreds digit of (-191 + y)*(-1 + 0)?
1
Let h = 312 - 298. Let r = h - -123. What is the tens digit of r?
3
Let y = 244 + -135. Let a = y + -106. What is the units digit of (2/a)/(4/594)?
9
What is the hundreds digit of 2/(-19) + 5 + (-5169724)/(-133) + 12?
8
Suppose 3*i = -5*p + 119204, 5*p = -2*i + 81990 + 37221. What is the units digit of p?
5
Suppose 0 = 4*o + 43321 - 4921. What is the hundreds digit of (6/(-15))/(6/o)?
6
Let x(d) = -4*d - 11. Let z be x(-4). Let y(m) = 6*m + 5*m - 5*m - m**3 + z*m**2 - 10*m**2 + 5. What is the units digit of y(-6)?
5
What is the hundreds digit of 36339/(-2)*((-2)/12)/(20/160)?
2
Suppose 41 = -2*q + 45. What is the units digit of -58*(-4 + q*-3)/2?
0
Suppose 0*w = 40*w + 80. What is the hundreds digit of (-3 + 620/12)*(-9)/w?
2
What is the hundreds digit of 464/(-7192) + 934094/31?
1
Let t(x) = -5187*x + 77. What is the thousands digit of t(-2)?
0
Let o = 5872 + 1191. What is the hundreds digit of o?
0
Let j(r) = 35*r**3 + 3*r**2 - 15*r - 6. What is the hundreds digit of j(6)?
5
Let x(j) = 8*j**2 - 16*j - 2. Let b(z) = -z - 36. Let a be b(-41). What is the units digit of x(a)?
8
What is the units digit of 33 - (18 + -19307) - (11 - -2)?
9
What is the units digit of (-1)/2*(-15915 + 1517/(-37))?
8
What is the thousands digit of 214/(-2461) + ((-9735)/23)/5*-247?
0
Let o be 4/(-10) - 2/((-30)/51). Suppose 2*n - 10 + 0 = -r, 4*n - o*r = 10. What is the hundreds digit of (-11 - n)*(-10 + 1)?
1
Suppose c + 3*c - 572 = 0. Let v = c + 21. What is the units digit of v?
4
Let v = -2557 + 4178. Let k = v + -871. What is the hundreds digit of k?
7
Suppose 95*f = 100*f - 20. Suppose 139 + 161 = f*x. What is the units digit of x?
5
Let z(h) = -53*h + 772. What is the tens digit of z(-84)?
2
What is the units digit of 1*(6/(-2))/(122/(-270230))?
5
Let k be (2/(-4))/(3/(-492)). Suppose -13*y + 20*y + 168 = 0. Let o = k + y. What is the tens digit of o?
5
Suppose 2*u + 21*u = 1121227. What is the ten thousands digit of u?
4
Let s be 2*2/8*(-13 + 13). Suppose -5*n + 756 = j, s = 5*n - 0*n + 4*j - 744. What is the hundreds digit of n?
1
Let x(p) = -p**3 - 3*p**2 - 6*p - 10. Let y be x(-7). Let j = y - 405. What is the tens digit of -2 + 1 - (j + -6)?
8
Let f be -229 - (5 - (8 - 4)). Let o = -100 - f. What is the hundreds digit of o?
1
Suppose 12 = v + 13, -2*v - 2882 = -r. What is the thousands digit of r?
2
Let n be 120/(-10)*(-35)/21. Let j = n + 270. What is the units digit of j?
0
Suppose -324 = -10*g + 4*g. Let b = g + -49. Suppose -b*d + 503 = 3*p, 146 - 445 = -3*d + p. What is the hundreds digit of d?
1
Suppose -y = -3*y - 4*u + 2, 2*u = 4*y + 6. What is the units digit of (-1106 + y)*(14/(-21) + 0)?
8
Suppose u + 4*m - 87 = 0, 3*u - 274 = -0*u + m. Suppose 90*h = u*h - 376. What is the units digit of h?
6
Suppose r = -3*j - 11, -3*r + 3*j + 13 = -2*r. What is the units digit of r/(3 - 4) + 187?
6
Let t = 4745 + -737. What is the hundreds digit of t?
0
Let g(w) = 2*w**3 - 22*w**2 + 2*w - 23. Let n be g(11). Let s(o) = -8*o + 1. Let x be s(n). Suppose -157 = x*z - 1264. What is the tens digit of z?
2
Suppose -3*c + 0*c - 2*o = -191, 0 = 5*o + 10. Suppose 5*d + 2*v - 317 = -0*v, -5*d + 4*v + 311 = 0. Let l = c - d. What is the units digit of l?
2
What is the units digit of (-30261)/(-15) + 2 - 34/85?
9
What is the thousands digit of 2/(-29) - 16012920/(-696)?
3
Suppose f - 3*x = 6428 + 7076, 4*x = 4*f - 54024. What is the ten thousands digit of f?
1
Let p(j) = -j**3 + 9*j**2 - 7*j + 2. Let v be p(8). Let q(y) = -y**2 + 9*y + 10. Let d be q(v). Suppose d = -5*s - 355 + 1210. What is the tens digit of s?
7
What is the tens digit of (-1377425)/(-187) + (-4)/(-44)?
6
Suppose -2*f + 15*s + 720 = 19*s, 5*s = 5*f - 1770. What is the units digit of (2 + f/(-5))/((-2)/10)?
6
Let g = 2094 - 445. What is the hundreds digit of g?
6
Let w be -2*2461/(-10) - 2/10. Suppose o - w = 5*t, t = 3*o - 1220 - 242. What is the hundreds digit of o?
4
Suppose 24*r - 345 = 19*r. Let n = r + -60. What is the units digit of (-609)/(-14) + n/(-6)?
2
Let u = 108 - 43. Let w be 2 + 2/5 + (-14261)/u. Let x = w - -339. What is the units digit of x?
2
Let h(y) be the third derivative of y**6/120 + 13*y**5/60 + 7*y**4/12 + 3*y**3/2 - 28*y**2. Let p be h(-12). What is the units digit of ((-12)/p)/((-10)/(-75))?
6
Let p = -6 + 1. Let l(o) = 8 + 18*o**3 - 17*o**3 - 9*o + 9*o**2 + 7*o + 4*o. What is the tens digit of l(p)?
9
Let j = -183 + 236. Let h = j - 15. What is the units digit of h?
8
Let v be ((-6 + -4636)/11)/(4/6). Let t = 80 - v. What is the hundreds digit of t?
7
Let b = -29474 + 42391. What is the ten thousands digit of b?
1
Suppose b = -5*l + 11569 + 8404, -b - l = -19953. What is the hundreds digit of b?
9
Let z(j) be the first derivative of j**4 - 2*j**3 - 19*j**2/2 + 17*j - 141. What is the hundreds digit of z(7)?
9
Suppose 8 = -s - 4*t, -t = 26*s - 25*s - 7. What is the tens digit of 2*(20210/44 - s/(-66))?
1
Suppose z = 3*b + 196, 0*z = -z + 1. Let u(d) = -16*d**3 - 6*d**2 + 3*d + 4. Let r be u(-5). What is the units digit of 10/b - r/(-39)?
7
Let o = 7089 + -6922. Let n(t) = t**3 + 3*t**2 - 5*t. Let i be n(-5). Let g = i + o. What is the units digit of g?
2
Let t be (-48)/16 - 2*10/4. What is the tens digit of 2034/2 + (-48)/t?
2
Suppose 0 = -6*x + 3*x - 75. Let v be (30/x)/(-6) + (-34)/(-5). What is the units digit of v*13 - (-108)/(-27)?
7
What is the units digit of 13/(-234) - 25365340/(-504)?
8
Suppose 3*x = 27*u